[INFO] cloning repository https://github.com/Cyberduc-k/Cyfu
[INFO] running `Command { std: "git" "-c" "credential.helper=" "-c" "credential.helper=/workspace/cargo-home/bin/git-credential-null" "clone" "--bare" "https://github.com/Cyberduc-k/Cyfu" "/workspace/cache/git-repos/https%3A%2F%2Fgithub.com%2FCyberduc-k%2FCyfu", kill_on_drop: false }`
[INFO] [stderr] Cloning into bare repository '/workspace/cache/git-repos/https%3A%2F%2Fgithub.com%2FCyberduc-k%2FCyfu'...
[INFO] running `Command { std: "git" "rev-parse" "HEAD", kill_on_drop: false }`
[INFO] [stdout] 3a0791f6f64fc5ed592558fc2b03fb85f65baea4
[INFO] checking Cyberduc-k/Cyfu against try#72f88fc4e9458f89516a0b8b0868f3718aec5b47 for pr-74989
[INFO] running `Command { std: "git" "clone" "/workspace/cache/git-repos/https%3A%2F%2Fgithub.com%2FCyberduc-k%2FCyfu" "/workspace/builds/worker-3/source", kill_on_drop: false }`
[INFO] [stderr] Cloning into '/workspace/builds/worker-3/source'...
[INFO] [stderr] done.
[INFO] validating manifest of git repo https://github.com/Cyberduc-k/Cyfu on toolchain 72f88fc4e9458f89516a0b8b0868f3718aec5b47
[INFO] running `Command { std: "/workspace/cargo-home/bin/cargo" "+72f88fc4e9458f89516a0b8b0868f3718aec5b47" "read-manifest" "--manifest-path" "Cargo.toml", kill_on_drop: false }`
[INFO] started tweaking git repo https://github.com/Cyberduc-k/Cyfu
[INFO] finished tweaking git repo https://github.com/Cyberduc-k/Cyfu
[INFO] tweaked toml for git repo https://github.com/Cyberduc-k/Cyfu written to /workspace/builds/worker-3/source/Cargo.toml
[INFO] crate git repo https://github.com/Cyberduc-k/Cyfu already has a lockfile, it will not be regenerated
[INFO] running `Command { std: "/workspace/cargo-home/bin/cargo" "+72f88fc4e9458f89516a0b8b0868f3718aec5b47" "fetch" "--locked" "--manifest-path" "Cargo.toml", kill_on_drop: false }`
[INFO] [stderr] error: the lock file /workspace/builds/worker-3/source/Cargo.lock needs to be updated but --locked was passed to prevent this
[INFO] [stderr] If you want to try to generate the lock file without accessing the network, use the --offline flag.
[INFO] the lockfile is outdated, regenerating it
[INFO] running `Command { std: "/workspace/cargo-home/bin/cargo" "+72f88fc4e9458f89516a0b8b0868f3718aec5b47" "generate-lockfile" "--manifest-path" "Cargo.toml" "-Zno-index-update", kill_on_drop: false }`
[INFO] running `Command { std: "/workspace/cargo-home/bin/cargo" "+72f88fc4e9458f89516a0b8b0868f3718aec5b47" "fetch" "--locked" "--manifest-path" "Cargo.toml", kill_on_drop: false }`
[INFO] running `Command { std: "docker" "create" "-v" "/var/lib/crater-agent-workspace/builds/worker-3/target:/opt/rustwide/target:rw,Z" "-v" "/var/lib/crater-agent-workspace/builds/worker-3/source:/opt/rustwide/workdir:ro,Z" "-v" "/var/lib/crater-agent-workspace/cargo-home:/opt/rustwide/cargo-home:ro,Z" "-v" "/var/lib/crater-agent-workspace/rustup-home:/opt/rustwide/rustup-home:ro,Z" "-e" "SOURCE_DIR=/opt/rustwide/workdir" "-e" "CARGO_TARGET_DIR=/opt/rustwide/target" "-e" "CARGO_HOME=/opt/rustwide/cargo-home" "-e" "RUSTUP_HOME=/opt/rustwide/rustup-home" "-w" "/opt/rustwide/workdir" "-m" "1610612736" "--user" "0:0" "--network" "none" "rustops/crates-build-env@sha256:d92eaeed33fa75130ca1ee6c8a01d1ffb62bac859dfdfb3450e3e5d1c0146529" "/opt/rustwide/cargo-home/bin/cargo" "+72f88fc4e9458f89516a0b8b0868f3718aec5b47" "metadata" "--no-deps" "--format-version=1", kill_on_drop: false }`
[INFO] [stdout] 2b95776a083d19aa496f02a281034523f8752cf90cadbb6784f9896650a1a64d
[INFO] [stderr] WARNING: Your kernel does not support swap limit capabilities or the cgroup is not mounted. Memory limited without swap.
[INFO] running `Command { std: "docker" "start" "-a" "2b95776a083d19aa496f02a281034523f8752cf90cadbb6784f9896650a1a64d", kill_on_drop: false }`
[INFO] running `Command { std: "docker" "inspect" "2b95776a083d19aa496f02a281034523f8752cf90cadbb6784f9896650a1a64d", kill_on_drop: false }`
[INFO] running `Command { std: "docker" "rm" "-f" "2b95776a083d19aa496f02a281034523f8752cf90cadbb6784f9896650a1a64d", kill_on_drop: false }`
[INFO] [stdout] 2b95776a083d19aa496f02a281034523f8752cf90cadbb6784f9896650a1a64d
[INFO] running `Command { std: "docker" "create" "-v" "/var/lib/crater-agent-workspace/builds/worker-3/target:/opt/rustwide/target:rw,Z" "-v" "/var/lib/crater-agent-workspace/builds/worker-3/source:/opt/rustwide/workdir:ro,Z" "-v" "/var/lib/crater-agent-workspace/cargo-home:/opt/rustwide/cargo-home:ro,Z" "-v" "/var/lib/crater-agent-workspace/rustup-home:/opt/rustwide/rustup-home:ro,Z" "-e" "SOURCE_DIR=/opt/rustwide/workdir" "-e" "CARGO_TARGET_DIR=/opt/rustwide/target" "-e" "CARGO_INCREMENTAL=0" "-e" "RUST_BACKTRACE=full" "-e" "RUSTFLAGS=--cap-lints=forbid" "-e" "CARGO_HOME=/opt/rustwide/cargo-home" "-e" "RUSTUP_HOME=/opt/rustwide/rustup-home" "-w" "/opt/rustwide/workdir" "-m" "1610612736" "--user" "0:0" "--network" "none" "rustops/crates-build-env@sha256:d92eaeed33fa75130ca1ee6c8a01d1ffb62bac859dfdfb3450e3e5d1c0146529" "/opt/rustwide/cargo-home/bin/cargo" "+72f88fc4e9458f89516a0b8b0868f3718aec5b47" "check" "--frozen" "--all" "--all-targets" "--message-format=json", kill_on_drop: false }`
[INFO] [stderr] WARNING: Your kernel does not support swap limit capabilities or the cgroup is not mounted. Memory limited without swap.
[INFO] [stdout] cb09f44a555bdb4925a2838dce35bc7440bcb6da16c3046e6f9a8be0aedf1dd2
[INFO] running `Command { std: "docker" "start" "-a" "cb09f44a555bdb4925a2838dce35bc7440bcb6da16c3046e6f9a8be0aedf1dd2", kill_on_drop: false }`
[INFO] [stderr]    Compiling bitflags v1.2.1
[INFO] [stderr]    Compiling lexical-core v0.7.4
[INFO] [stderr]     Checking cfg-if v0.1.10
[INFO] [stderr]     Checking arrayvec v0.5.1
[INFO] [stderr]     Checking static_assertions v1.1.0
[INFO] [stderr]    Compiling nom v5.1.2
[INFO] [stderr]     Checking cyfu v0.1.0 (/opt/rustwide/workdir)
[INFO] [stdout] error[E0432]: unresolved import `nom::types`
[INFO] [stdout]  --> src/parser.rs:2:10
[INFO] [stdout]   |
[INFO] [stdout] 2 | use nom::types::CompleteStr;
[INFO] [stdout]   |          ^^^^^ could not find `types` in `nom`
[INFO] [stdout] 
[INFO] [stdout] 
[INFO] [stdout] error[E0432]: unresolved import `nom::types`
[INFO] [stdout]  --> src/parser.rs:2:10
[INFO] [stdout]   |
[INFO] [stdout] 2 | use nom::types::CompleteStr;
[INFO] [stdout]   |          ^^^^^ could not find `types` in `nom`
[INFO] [stdout] 
[INFO] [stdout] 
[INFO] [stdout] error[E0433]: failed to resolve: could not find `types` in `nom`
[INFO] [stdout]   --> src/main.rs:12:30
[INFO] [stdout]    |
[INFO] [stdout] 12 |     match parser::parse(nom::types::CompleteStr(&source)) {
[INFO] [stdout]    |                              ^^^^^ could not find `types` in `nom`
[INFO] [stdout] 
[INFO] [stdout] 
[INFO] [stdout] warning: use of deprecated macro `ws`: whitespace parsing only works with macros and will not be updated anymore
[INFO] [stdout]   --> src/parser.rs:17:1
[INFO] [stdout]    |
[INFO] [stdout] 17 | / named!(expr<CompleteStr, Expr>, ws!(alt!(
[INFO] [stdout] 18 | |     var |
[INFO] [stdout] 19 | |     number |
[INFO] [stdout] 20 | |     wrapped |
[INFO] [stdout] 21 | |     lambda
[INFO] [stdout] 22 | | )));
[INFO] [stdout]    | |____^
[INFO] [stdout]    |
[INFO] [stdout]    = note: `#[warn(deprecated)]` on by default
[INFO] [stdout]    = note: this warning originates in a macro (in Nightly builds, run with -Z macro-backtrace for more info)
[INFO] [stdout] 
[INFO] [stdout] 
[INFO] [stdout] warning: `...` range patterns are deprecated
[INFO] [stdout]   --> src/parser.rs:56:12
[INFO] [stdout]    |
[INFO] [stdout] 56 |         '0'...'9' => true,
[INFO] [stdout]    |            ^^^ help: use `..=` for an inclusive range
[INFO] [stdout]    |
[INFO] [stdout]    = note: `#[warn(ellipsis_inclusive_range_patterns)]` on by default
[INFO] [stdout] 
[INFO] [stdout] 
[INFO] [stdout] warning: `...` range patterns are deprecated
[INFO] [stdout]   --> src/parser.rs:63:12
[INFO] [stdout]    |
[INFO] [stdout] 63 |         'A'...'Z' |
[INFO] [stdout]    |            ^^^ help: use `..=` for an inclusive range
[INFO] [stdout] 
[INFO] [stdout] 
[INFO] [stdout] warning: `...` range patterns are deprecated
[INFO] [stdout]   --> src/parser.rs:64:12
[INFO] [stdout]    |
[INFO] [stdout] 64 |         'a'...'z' |
[INFO] [stdout]    |            ^^^ help: use `..=` for an inclusive range
[INFO] [stdout] 
[INFO] [stdout] 
[INFO] [stdout] warning: `...` range patterns are deprecated
[INFO] [stdout]   --> src/parser.rs:72:12
[INFO] [stdout]    |
[INFO] [stdout] 72 |         'A'...'Z' |
[INFO] [stdout]    |            ^^^ help: use `..=` for an inclusive range
[INFO] [stdout] 
[INFO] [stdout] 
[INFO] [stdout] warning: `...` range patterns are deprecated
[INFO] [stdout]   --> src/parser.rs:73:12
[INFO] [stdout]    |
[INFO] [stdout] 73 |         'z'...'z' |
[INFO] [stdout]    |            ^^^ help: use `..=` for an inclusive range
[INFO] [stdout] 
[INFO] [stdout] 
[INFO] [stdout] warning: `...` range patterns are deprecated
[INFO] [stdout]   --> src/parser.rs:74:12
[INFO] [stdout]    |
[INFO] [stdout] 74 |         '0'...'9' |
[INFO] [stdout]    |            ^^^ help: use `..=` for an inclusive range
[INFO] [stdout] 
[INFO] [stdout] 
[INFO] [stdout] error[E0433]: failed to resolve: could not find `types` in `nom`
[INFO] [stdout]   --> src/main.rs:12:30
[INFO] [stdout]    |
[INFO] [stdout] 12 |     match parser::parse(nom::types::CompleteStr(&source)) {
[INFO] [stdout]    |                              ^^^^^ could not find `types` in `nom`
[INFO] [stdout] 
[INFO] [stdout] 
[INFO] [stdout] warning: use of deprecated macro `ws`: whitespace parsing only works with macros and will not be updated anymore
[INFO] [stdout]   --> src/parser.rs:17:1
[INFO] [stdout]    |
[INFO] [stdout] 17 | / named!(expr<CompleteStr, Expr>, ws!(alt!(
[INFO] [stdout] 18 | |     var |
[INFO] [stdout] 19 | |     number |
[INFO] [stdout] 20 | |     wrapped |
[INFO] [stdout] 21 | |     lambda
[INFO] [stdout] 22 | | )));
[INFO] [stdout]    | |____^
[INFO] [stdout]    |
[INFO] [stdout]    = note: `#[warn(deprecated)]` on by default
[INFO] [stdout]    = note: this warning originates in a macro (in Nightly builds, run with -Z macro-backtrace for more info)
[INFO] [stdout] 
[INFO] [stdout] 
[INFO] [stdout] warning: `...` range patterns are deprecated
[INFO] [stdout]   --> src/parser.rs:56:12
[INFO] [stdout]    |
[INFO] [stdout] 56 |         '0'...'9' => true,
[INFO] [stdout]    |            ^^^ help: use `..=` for an inclusive range
[INFO] [stdout]    |
[INFO] [stdout]    = note: `#[warn(ellipsis_inclusive_range_patterns)]` on by default
[INFO] [stdout] 
[INFO] [stdout] 
[INFO] [stdout] warning: `...` range patterns are deprecated
[INFO] [stdout]   --> src/parser.rs:63:12
[INFO] [stdout]    |
[INFO] [stdout] 63 |         'A'...'Z' |
[INFO] [stdout]    |            ^^^ help: use `..=` for an inclusive range
[INFO] [stdout] 
[INFO] [stdout] 
[INFO] [stdout] warning: `...` range patterns are deprecated
[INFO] [stdout]   --> src/parser.rs:64:12
[INFO] [stdout]    |
[INFO] [stdout] 64 |         'a'...'z' |
[INFO] [stdout]    |            ^^^ help: use `..=` for an inclusive range
[INFO] [stdout] 
[INFO] [stdout] 
[INFO] [stdout] warning: `...` range patterns are deprecated
[INFO] [stdout]   --> src/parser.rs:72:12
[INFO] [stdout]    |
[INFO] [stdout] 72 |         'A'...'Z' |
[INFO] [stdout]    |            ^^^ help: use `..=` for an inclusive range
[INFO] [stdout] 
[INFO] [stdout] 
[INFO] [stdout] warning: `...` range patterns are deprecated
[INFO] [stdout]   --> src/parser.rs:73:12
[INFO] [stdout]    |
[INFO] [stdout] 73 |         'z'...'z' |
[INFO] [stdout]    |            ^^^ help: use `..=` for an inclusive range
[INFO] [stdout] 
[INFO] [stdout] 
[INFO] [stdout] warning: `...` range patterns are deprecated
[INFO] [stdout]   --> src/parser.rs:74:12
[INFO] [stdout]    |
[INFO] [stdout] 74 |         '0'...'9' |
[INFO] [stdout]    |            ^^^ help: use `..=` for an inclusive range
[INFO] [stdout] 
[INFO] [stdout] 
[INFO] [stdout] error: aborting due to 2 previous errors; 7 warnings emitted
[INFO] [stdout] 
[INFO] [stdout] 
[INFO] [stdout] Some errors have detailed explanations: E0432, E0433.
[INFO] [stdout] 
[INFO] [stdout] For more information about an error, try `rustc --explain E0432`.
[INFO] [stdout] 
[INFO] [stderr] error: could not compile `cyfu`.
[INFO] [stderr] 
[INFO] [stderr] To learn more, run the command again with --verbose.
[INFO] [stderr] warning: build failed, waiting for other jobs to finish...
[INFO] [stdout] error: aborting due to 2 previous errors; 7 warnings emitted
[INFO] [stdout] 
[INFO] [stdout] 
[INFO] [stdout] Some errors have detailed explanations: E0432, E0433.
[INFO] [stdout] 
[INFO] [stdout] For more information about an error, try `rustc --explain E0432`.
[INFO] [stdout] 
[INFO] [stderr] error: build failed
[INFO] running `Command { std: "docker" "inspect" "cb09f44a555bdb4925a2838dce35bc7440bcb6da16c3046e6f9a8be0aedf1dd2", kill_on_drop: false }`
[INFO] running `Command { std: "docker" "rm" "-f" "cb09f44a555bdb4925a2838dce35bc7440bcb6da16c3046e6f9a8be0aedf1dd2", kill_on_drop: false }`
[INFO] [stdout] cb09f44a555bdb4925a2838dce35bc7440bcb6da16c3046e6f9a8be0aedf1dd2
